*w - 18 + 4 = 0. What are the prime factors of w?
7
Let x(o) = o**3 - 2*o**2 - 9*o + 2. Let j(p) = -p**3 + 3*p**2 + 10*p - 3. Let b(u) = -3*j(u) - 4*x(u). What are the prime factors of b(-4)?
5
Let u(z) = z**3 - 2*z - 1. Let c be u(2). Suppose -c*x - 6 = 0, -x = 4*k - 0*x - 38. List the prime factors of k.
2, 5
Let z be (-12)/(-10)*(-10)/(-4). Suppose 2 = z*u - 4. List the prime factors of u.
2
Let u be (-2)/(-6) + 58/6. Let w be (-8)/12 + (-23)/(-3). Let y = u - w. What are the prime factors of y?
3
Suppose -5*x + 20 = -4*f, -2*x - 4*f = -4*x + 20. Suppose x = 2*n - 4*z - 28, -5*z - 75 = -0*n - 5*n. What are the prime factors of n?
2
Let z be (-6)/(-24) + (-39)/(-4). Suppose 0 = -2*g - 3*g + z. Suppose 25 = 2*j - c, -g*j - 5*c = -7*j + 70. What are the prime factors of j?
11
Let g(v) = v + 8. Let l be g(-7). Let x = 9 + l. List the prime factors of x.
2, 5
Suppose 3*i + 2*i - 40 = 0. Suppose -i = d + 3*p + p, 0 = 2*p + 6. Suppose 4*k + 125 = 5*b, -b + 0*k + 41 = -d*k. List the prime factors of b.
3, 7
Let a(t) = -3*t**3 + 6*t**2 + 12*t + 13. List the prime factors of a(-4).
11, 23
Let y = -9 - -5. Let o be (-106 - 2)*2/y. Suppose o = 5*d + 9. What are the prime factors of d?
3
Let n(h) be the second derivative of -h**3/6 - 5*h**2/2 - h. Suppose 0 = 5*c - 6 + 51. List the prime factors of n(c).
2
Let l = 5 + -2. Let g = 6 - l. Suppose 7 = -c - 5*n, 0*c + n = g*c - 43. What are the prime factors of c?
13
Suppose 4*f + 2*n - 126 = 0, 2*n - 7*n = 5*f - 145. Let k = -2 + -10. Let h = f + k. List the prime factors of h.
2, 11
Suppose 3*m - 5*m + 4 = 0. Suppose m*t - 7 = -3. Suppose t*b = 11 + 17. What are the prime factors of b?
2, 7
What are the prime factors of (35/(-3))/(-5)*6?
2, 7
Suppose 24*d + 36 = 28*d. List the prime factors of d.
3
Suppose 0 = 5*w - w. Let j(k) = -k**2 + 2. Let b be j(w). Suppose -3*r + b = -10. List the prime factors of r.
2
Suppose 2*c - 3*c + 18 = 0. What are the prime factors of c?
2, 3
Suppose -a + 7 = -4*f + 32, 0 = 4*a + 2*f + 10. Let k = -1 - a. List the prime factors of k.
2
Suppose 0 = -w + 3*w + 138. What are the prime factors of (-10)/(-25) - w/15?
5
Suppose 3*a - a - 72 = 4*b, -b = -4*a + 4. Let f = b + 35. What are the prime factors of f?
3, 5
Let z be 4/(-18) + 353/9. Let k be -3 + (10 - (2 - -1)). Suppose k*g - z = -3. List the prime factors of g.
3
Let s(x) = 2*x**2 + 8*x + 9. Let m be s(-6). Suppose -5*h + 13 = 2*l, 4*l - l + m = 3*h. Let p(f) = f**2 + 5*f - 2. List the prime factors of p(l).
2
Suppose q + s = -q + 71, -q + 28 = 3*s. Suppose 0 = 3*h - 5*r - q, h + 11 = 2*h - r. What are the prime factors of h?
3
Let n be 38/8 + 3/12. Suppose -n*d + d = -8. Suppose -2 = -d*c + 12. List the prime factors of c.
7
List the prime factors of 0 - -187 - 1 - -4.
2, 5, 19
Suppose -h + 7*h - 324 = 0. What are the prime factors of h?
2, 3
Let f(l) = -l**2 - l + 1. Let c(s) = 2*s**2 + 11*s - 13. Let p(m) = -c(m) - 3*f(m). What are the prime factors of p(7)?
3
Let u(m) = -22*m**3 + 1. Let j be ((-10)/3)/(4/12). Let b = j - -9. List the prime factors of u(b).
23
Let a(g) be the first derivative of g**4/4 - 10*g**3/3 - 9*g**2/2 - 16*g + 2. Let i be 2/3 - (-31)/3. What are the prime factors of a(i)?
2, 3
Let n = 48 - 7. What are the prime factors of n?
41
Let r(t) = 8*t. Let x be (-38)/6 + 4/(-6). Let d = -6 - x. List the prime factors of r(d).
2
Suppose 0 = 3*b - 4*n - 23, -b - 21 = -6*b - 2*n. List the prime factors of b.
5
Let g be ((-4)/(-6))/((-2)/(-9)). What are the prime factors of (-10)/(-15) + 7/g?
3
Let i(b) = 11*b + 5 - 7 - 6 - 1. List the prime factors of i(4).
5, 7
Suppose 0*j = -2*j + 3*s + 157, -5*j + 404 = 4*s. Suppose j + 116 = 4*h. List the prime factors of h.
7
Let t be 12*(-2)/(-4)*1. Let q(g) = -g + t*g - g. List the prime factors of q(3).
2, 3
Let g(m) = m**2 - 13*m + 7. Let f(b) = 2*b**2 - 25*b + 13. Let i(a) = -3*f(a) + 5*g(a). Let c be i(7). Let k = 28 - c. List the prime factors of k.
11
Suppose 0*r + 3*r = -x - 7, 8 = -2*r - 4*x. Let w(b) = 2*b**2 + 1. What are the prime factors of w(r)?
3
What are the prime factors of ((-2)/6)/(19/(-4389))?
7, 11
Suppose 0 = 4*b + 4*t - 9*t - 171, 12 = -4*t. List the prime factors of b.
3, 13
Let b(g) = 2*g**2 + g - 1. Let p(k) = 3*k**2 - 1 - 2*k**2 + 2*k**2 + k. Let i(w) = -5*b(w) + 4*p(w). What are the prime factors of i(-2)?
11
Suppose 278 = 3*a + 50. What are the prime factors of a?
2, 19
Let u = 21 + 4. What are the prime factors of u?
5
Let p(q) = -q**2 + 14. Suppose -3*w + 10 + 5 = 0. Suppose 2*m - 3*i + 9 = 0, 4*m = w*i - 6 - 9. List the prime factors of p(m).
2, 7
Suppose 40 = p + 3*p. What are the prime factors of (-171)/(-15) + 6/p?
2, 3
Let c(u) = -292*u - 5. Let a be c(-4). Suppose 447 + a = 5*t. What are the prime factors of 1/2*t/7?
23
What are the prime factors of ((-164)/16*-2)/(4/8)?
41
Suppose 5 = -3*f + 11. Suppose -5*u - x + f*x = -1, x = -4*u + 8. List the prime factors of (u + 2)/((-3)/(-16)).
2
What are the prime factors of 48/10 + 2/10?
5
Let c = -64 - -138. List the prime factors of c.
2, 37
Suppose -9*f + 7*f = -104. List the prime factors of f.
2, 13
Let g = -153 + 227. What are the prime factors of g?
2, 37
Suppose -q + 6*q - 10 = 0. Suppose c = -q*c. Suppose c*j = -4*j + 16. List the prime factors of j.
2
Let m(v) be the second derivative of -2*v - 1/2*v**2 + 0 + 1/6*v**4 + 0*v**3 - 3/20*v**5. List the prime factors of m(-1).
2
Let k(b) = -b**3 + 7*b**2 - 6*b + 7. Let u be k(6). Suppose -2*z = -u*z. Suppose 3*o - 2 = -4*v, z = -8*v + 3*v - 20. List the prime factors of o.
2, 3
Let v(b) = 3*b - 12. Let l(k) = 4*k - 18. Let t be l(6). List the prime factors of v(t).
2, 3
Suppose 2*u = -2*u + 56. Suppose 4*g - 22 - u = 0. What are the prime factors of (1*-2 - 0) + g?
7
Suppose -4*t + 768 = 5*k, -2*k + 3*k + 384 = 2*t. List the prime factors of t/9*15/10.
2
Let k(b) = b**3 - b**2 - b. Let t be k(0). Let o(q) = q - 2. Let s be o(4). What are the prime factors of 11 - (t/(-3) - s)?
13
Let d(h) = 3*h + 1. Let n be d(-2). Let y be (-18)/n - 8/(-20). Suppose -55 = -y*b - b. List the prime factors of b.
11
Let h(q) = q**3 - 2*q**2 - q - 1. Let y be h(2). Let p be 4/6 + (-7)/y. Suppose x + 3*z - 2*z - 8 = 0, p*x + 4*z - 26 = 0. List the prime factors of x.
2, 3
Suppose k = 6*k - 10. Suppose -30 = -2*s + 4*n, k*n - 123 = -3*s - 2*s. What are the prime factors of s?
23
Let z(x) = 3*x + 4. List the prime factors of z(13).
43
Let v = 12 - 8. Suppose 3*s = -2*l + v, -2*s - 1 = 3*l + 3. Suppose -u + s = -3. What are the prime factors of u?
7
Let c(w) = w**3 + 9*w**2 + 2. Let q(y) = y**3 + y**2 + 3*y - 6 - 3 - 4*y. Let o be q(0). List the prime factors of c(o).
2
Suppose -5*o - 8*l = -4*l - 133, -5*o - 5*l = -130. List the prime factors of o.
29
Let n be (8/(-20))/(1/(-15)). Suppose p - n = 1. What are the prime factors of p?
7
Let m = 13 - 8. Suppose -m*j + 26 + 4 = 0. Let h = j - 3. List the prime factors of h.
3
Let g(j) = j**2 - 3*j + 3. Let i be g(3). Let x be 0 + 0 - (1 - 6). Suppose -x = i*v + 2*v, -v = -4*k + 13. List the prime factors of k.
3
Let g(u) = -12*u**3 + u**2 - 2*u + 1. What are the prime factors of g(-2)?
3, 5, 7
Let h(q) = q - 6. Let j be h(7). Let i be j*-3 - -1 - -5. Suppose -4*v + 5 + i = 0. List the prime factors of v.
2
List the prime factors of 1/((-2)/(-3))*26.
3, 13
Let g(v) = -4*v. Let z(c) be the second derivative of -c**3/3 + 9*c**2/2 + c. Let x be z(7). What are the prime factors of g(x)?
2, 5
Let t = 67 + -17. Suppose 60 = 5*z - 4*y + 3*y, 0 = -5*z - y + t. What are the prime factors of z?
11
Let x(o) = -2*o. Let n be x(4). Let v be (n + 3)*14/(-5). Let d = v + -5. What are the prime factors of d?
3
Let k = 5 - 1. Let q = k - 1. Let i(g) = g**2 + 2. List the prime factors of i(q).
11
Suppose -2*f + f = -22. What are the prime factors of f?
2, 11
Suppose 0 = -4*q + 41 + 223. What are the prime factors of q?
2, 3, 11
Let x(h) = h**3 + 7*h**2 + 10*h + 3. Let c be x(-5). Suppose -c*j + 72 = 5*g, -g = -3*j + g + 93. List the prime factors of j.
29
Let v = 38 - 1. What are the prime factors of v?
37
What are the prime factors of 225 - (-2 + (2 - 4))?
229
Let t(j) = j**2 - j + 1. Let a(s) = -s**3 - 10*s**2 + 4*s - 2. Let u(m) = a(m) + 5*t(m). Let c be -15*(-1 - 8/(-6)). List the prime factors of u(c).
2
Let y(f) = -